{"id":60,"date":"2017-11-30T00:02:25","date_gmt":"2017-11-29T21:02:25","guid":{"rendered":"http:\/\/www.elenka.com.tr\/?page_id=60"},"modified":"2026-03-22T22:59:26","modified_gmt":"2026-03-22T19:59:26","slug":"enerji-verimliligi","status":"publish","type":"page","link":"https:\/\/www.elenka.com.tr\/?page_id=60","title":{"rendered":"Enerji Verimlili\u011fi"},"content":{"rendered":"<p>Enerji Analiz\u00f6r\u00fc<\/p>\n<p>Enerji \u0130zleme Yaz\u0131l\u0131m\u0131<\/p>\n<p>Gateway<\/p>\n<p>Ayd\u0131nlatma Kontrol \u00dcr\u00fcnleri<\/p>\n","protected":false},"excerpt":{"rendered":"<p>Enerji Analiz\u00f6r\u00fc Enerji \u0130zleme Yaz\u0131l\u0131m\u0131 Gateway Ayd\u0131nlatma Kontrol \u00dcr\u00fcnleri<\/p>\n","protected":false},"author":1,"featured_media":0,"parent":27,"menu_order":0,"comment_status":"closed","ping_status":"closed","template":"","meta":{"footnotes":""},"class_list":["post-60","page","type-page","status-publish"],"_links":{"self":[{"href":"https:\/\/www.elenka.com.tr\/index.php?rest_route=\/wp\/v2\/pages\/60","targetHints":{"allow":["GET"]}}],"collection":[{"href":"https:\/\/www.elenka.com.tr\/index.php?rest_route=\/wp\/v2\/pages"}],"about":[{"href":"https:\/\/www.elenka.com.tr\/index.php?rest_route=\/wp\/v2\/types\/page"}],"author":[{"embeddable":true,"href":"https:\/\/www.elenka.com.tr\/index.php?rest_route=\/wp\/v2\/users\/1"}],"replies":[{"embeddable":true,"href":"https:\/\/www.elenka.com.tr\/index.php?rest_route=%2Fwp%2Fv2%2Fcomments&post=60"}],"version-history":[{"count":2,"href":"https:\/\/www.elenka.com.tr\/index.php?rest_route=\/wp\/v2\/pages\/60\/revisions"}],"predecessor-version":[{"id":121,"href":"https:\/\/www.elenka.com.tr\/index.php?rest_route=\/wp\/v2\/pages\/60\/revisions\/121"}],"up":[{"embeddable":true,"href":"https:\/\/www.elenka.com.tr\/index.php?rest_route=\/wp\/v2\/pages\/27"}],"wp:attachment":[{"href":"https:\/\/www.elenka.com.tr\/index.php?rest_route=%2Fwp%2Fv2%2Fmedia&parent=60"}],"curies":[{"name":"wp","href":"https:\/\/api.w.org\/{rel}","templated":true}]}}